). Suppose -3*t + 18 + 6 = w. Let h = -17 + 81. What is the greatest common divisor of h and t?
8
Let f = -6 - -9. What is the greatest common divisor of 21 and f?
3
Let v = 16 + -16. Suppose -z = -2, v = k - 4*z - 0*z - 16. Calculate the greatest common factor of k and 48.
24
Let a = 2 + 0. Let d be (a - 26/7)*-7. What is the greatest common divisor of 3 and d?
3
Let o be (-3 + 1)/(-2) - -19. Calculate the highest common divisor of 80 and o.
20
Suppose 3*b + 2 = -3*a + 2*a, 4*b = -2*a. Let k = 0 - b. Let f(q) = -q**3 - 4*q**2 - 3*q + 4. Let t be f(-4). Calculate the greatest common divisor of k and t.
2
Let i(m) = -40*m**3 + m**2 + 2*m + 1. Let n be ((2 - 5) + 2)/1. Let g be i(n). What is the highest common factor of g and 10?
10
Let w = 15 + -13. Suppose -62 = -4*q + y, -4*q + w*y + 58 = -y. What is the highest common factor of q and 16?
16
Let y(v) = -v**2 - 2*v + 8. Let j be y(0). Suppose 5*m + 84 = j*m. What is the highest common factor of 4 and m?
4
Let o be (-4)/(-10) + 38/5. Suppose -2*h + 30 = -2. Let v be h/(-6)*(-18)/12. Calculate the greatest common factor of v and o.
4
Let f be (-1 - -2)/2*178. Let g = f + -64. Calculate the greatest common divisor of g and 125.
25
Let a = -4 + 40. Suppose 5*v - 5*p - 135 = 0, 5*v - 133 + 22 = -3*p. Calculate the highest common factor of a and v.
12
Suppose n - 6 = -0*n - 2*y, y + 15 = 4*n. Suppose 0*l + 32 = n*l. What is the highest common factor of l and 20?
4
Suppose 0 = 2*h + 2*h + 8. Let s be 60/(-1)*3/h. Let f(i) = 3*i + 1. Let l be f(3). Calculate the greatest common divisor of s and l.
10
Let f be 330/25 + 1/(-5). Let g(t) = -15*t + 10. Let a be g(-8). Calculate the greatest common divisor of a and f.
13
Let m be (-1 + 2)/(1/28). Let t(u) = u**2 + 2*u - 11. Let f be t(-5). Calculate the highest common factor of m and f.
4
Let p be ((-1)/2)/((-1)/26). Let q(x) = x**3 - 3*x**2 - x + 3. Let b be q(3). Suppose b = 6*w - 594 + 48. What is the highest common factor of p and w?
13
Suppose 5*r + 8 = 3*m, -3*m - r + 24 = 2*r. Let b = 2 + m. Suppose -5*d + 33 = v, 0 = 3*v - b - 1. Calculate the highest common factor of 4 and d.
2
Suppose 42 = 2*k + 10. Let b = k - -17. Let h(s) = -s**3 + 4*s**2 + 4*s + 6. Let q be h(4). What is the highest common factor of q and b?
11
Suppose 4*j - 395 + 11 = 0. What is the highest common factor of 64 and j?
32
Suppose 0 = -z - 3*z - 3*c - 14, -3*c = 2*z + 10. Let h = z + 9. What is the greatest common factor of 1 and h?
1
Let z(n) = -n**2 - 9*n + 5. Let g = 9 - 17. Let r be z(g). Calculate the highest common divisor of 91 and r.
13
Suppose 858 = 5*m + w + 45, -4*w = -5*m + 798. Let o = 5 + -1. Suppose -2*b = t - 38, 0*t = -o*b - t + 74. Calculate the highest common factor of m and b.
18
Let z be 78/4 + 15/(-10). Suppose -25 = 13*w - z*w. What is the highest common divisor of 1 and w?
1
Let z(u) = 30*u**2 - u. Let b be z(2). Suppose b = i - 195. Let r be i/9 - 6/(-27). Calculate the highest common divisor of r and 5.
5
Suppose 18 = 2*o + 5*h - 2*h, 4*h = 0. Let n = 50 - 23. What is the highest common factor of o and n?
9
Suppose 181 = 4*y + 53. What is the highest common divisor of 16 and y?
16
Suppose 4*t = -5*b + 263 + 254, 0 = -t + b + 118. What is the highest common divisor of 41 and t?
41
Suppose -4*r + 15 = -13. Let u(o) = 4*o - 8. Let h be u(r). Calculate the greatest common divisor of 30 and h.
10
Suppose -4*w - 176 = -t, -5*w - 898 = -5*t - 3*w. Suppose 0 = -2*m - 54 + t. What is the greatest common factor of m and 7?
7
Let k = 68 + -66. Suppose 0*c - 3*c = -42. Let y = c - k. What is the highest common factor of y and 4?
4
Let o(m) = -m - 3. Let r be o(-18). What is the greatest common divisor of r and 135?
15
Let r = -117 - -195. Let x be -13*(20/(-5) - 0). What is the greatest common factor of r and x?
26
Suppose 0 = 4*g - 9*g + 40. Let r be 40/8*g/10. What is the highest common divisor of 8 and r?
4
Let l(n) = -6*n - 8. Let q(g) = -12*g - 15. Let t(h) = 13*l(h) - 6*q(h). Let u be t(-4). Calculate the highest common factor of 4 and u.
2
Let i(u) = u + 17. Let t be i(-8). Calculate the greatest common divisor of 63 and t.
9
Suppose 2*a + 6*x - 3*x = 9, -5*a - 2*x + 28 = 0. Calculate the highest common divisor of a and 18.
6
Let y be 0/2 + (8 - -1). Let a be 2/11 - (-252)/66. Suppose -3*x = a - 31. Calculate the highest common divisor of x and y.
9
Let v = 206 + -96. Calculate the highest common divisor of 22 and v.
22
Let r(z) = 5*z**2 + 4*z + 2. Let o be r(-2). Suppose 0*w - 4*a + o = -w, 2*w = -a + 8. What is the highest common divisor of w and 10?
2
Let f = -20 + 33. Let t(j) = -j**2 + 16*j - 18. Let b be t(f). Calculate the highest common factor of b and 105.
21
Suppose -2*a + 69 - 15 = 0. Calculate the greatest common factor of 9 and a.
9
Suppose 5*q + 12 = 2*q. Let r = q + 7. Let g = 55 - 31. What is the greatest common factor of r and g?
3
Suppose 4*u + 0*u - 8 = 0. Suppose -u*c = 10, 4*t = -0*t + 2*c + 30. Suppose l - t = 4*w, 4*l - w = 3*w + 20. Calculate the greatest common factor of 2 and l.
1
Let j(o) = o**3 - 5*o**2 - o - 5. Let v be j(6). Calculate the greatest common factor of 175 and v.
25
Let f(o) = -o**2 - 8*o - 7. Let j be f(-6). Let t(c) = c**3 + 6*c**2 - 6*c + 1. Let v be t(-7). Let i = j - v. What is the greatest common divisor of i and 1?
1
Suppose 8*b + 5 = 69. Calculate the greatest common divisor of 64 and b.
8
Suppose -3*c - 2 + 8 = 0. Suppose 0 = -4*v - 3 - 5. Let g be v/6 - 155/(-15). What is the highest common factor of g and c?
2
Let u = 8 + -2. Suppose 5*h - 3*c = 8, -c - 14 = 4*h - 34. Calculate the greatest common divisor of u and h.
2
Suppose 9*f + 12 = 11*f. Suppose 0 = -5*m - f + 116. What is the greatest common factor of m and 242?
22
Let i(y) = -y - 6. Let t(a) = a**2 - 7*a + 5. Let m be t(4). Let r be i(m). Calculate the greatest common divisor of 9 and r.
1
Suppose -2*v = -151 - 57. Let d = -15 + 28. Calculate the greatest common factor of d and v.
13
Let d = 26 + -17. Let m = d + -5. Let c = 18 - m. What is the greatest common factor of 7 and c?
7
Suppose v - 141 = -5*r + 3*v, -3*v + 45 = 2*r. Calculate the greatest common factor of 45 and r.
9
Suppose -2 - 6 = -2*m. Suppose 5*k - 30 = 50. Calculate the highest common factor of k and m.
4
Suppose 35*a - 37*a = -484. What is the greatest common factor of a and 22?
22
Let x be (21 + -1)*(-17)/(-68). Calculate the greatest common divisor of x and 5.
5
Let u be 0/(-1) - (-2)/2. Let q be 0/u*2/(-4). Suppose q = 4*p - 36 - 0. Calculate the greatest common divisor of 99 and p.
9
Let j = 50 - 41. Calculate the highest common divisor of j and 6.
3
Suppose -5*z - 6*k + 3*k = 18, z + 14 = 2*k. Let g(m) = -m**2 - 9*m - 9. Let q be g(z). What is the highest common divisor of q and 9?
9
Let w(h) = 4*h**2 - 8*h + 18. Let t be w(3). Calculate the highest common factor of 30 and t.
30
Let o = -17 + 28. What is the greatest common factor of o and 11?
11
Suppose -3*w - 15 + 39 = 0. Calculate the highest common divisor of w and 8.
8
Let x(y) = y**2 + 7*y + 10. Let b be x(-7). Suppose -64*w + 65*w = 4. Calculate the greatest common divisor of w and b.
2
Let t = 15 - 10. Suppose -f + 0*f + 10 = g, -g = t*f - 30. What is the highest common factor of 55 and g?
5
Let y be (0 + 4)*2/4. Let z be (-3)/(3/(-6)*y). Suppose 0*c - 168 = -z*c. What is the greatest common factor of 7 and c?
7
Suppose -2 - 2 = -d. Suppose 5*g + 2*y - 136 = g, 0 = -2*y + d. Suppose -3*r - 1 = -10. What is the greatest common divisor of r and g?
3
Let o be 84/10*(-420)/(-9). Suppose -w - 3*w = -o. What is the greatest common divisor of w and 14?
14
Let b(i) be the second derivative of i**4/6 - i**3 - 8*i**2 - 9*i. Let f be b(7). Calculate the greatest common divisor of 20 and f.
20
Let l be ((-4)/4 + -8)/((-6)/8). What is the greatest common factor of 6 and l?
6
Let t be (-20)/8*(0 - (-234)/(-15)). Calculate the greatest common divisor of 429 and t.
39
Let x = 428 + -284. Suppose y - 15 - 1 = -4*d, 0 = 2*d - 2. Let w = 28 - y. Calculate the greatest common factor of w and x.
16
Let d = 31 + -21. Let v be ((-135)/d)/(2/(-4)). Suppose i + 2*i = v. Calculate the highest common factor of 81 and i.
9
Let o = 110 - 94. What is the greatest common divisor of o and 208?
16
Let j = -34 + 80. Let h = -18 + j. What is the 